e
Is 97 a factor of 61207?
True
Does 30 divide 394?
False
Is 74 a multiple of 10?
False
Is 35 a factor of 2275?
True
Is 7971 a multiple of 26?
False
Is 6 a factor of 9786?
True
Is 16682 a multiple of 146?
False
Does 9 divide 315?
True
Is 305 a multiple of 25?
False
Is 25 a factor of 425?
True
Does 7 divide 1368?
False
Is 10 a factor of 2146?
False
Is 7228 a multiple of 26?
True
Is 63 a factor of 580?
False
Does 102 divide 2958?
True
Is 5758 a multiple of 10?
False
Does 95 divide 61626?
False
Is 6736 a multiple of 8?
True
Is 50 a factor of 50?
True
Is 10 a factor of 220?
True
Is 14 a factor of 88212?
False
Is 13 a factor of 325?
True
Does 67 divide 1608?
True
Is 11 a factor of 7480?
True
Does 69 divide 34776?
True
Is 142 a multiple of 39?
False
Does 4 divide 154?
False
Is 95 a factor of 18145?
True
Is 25 a factor of 4275?
True
Does 60 divide 17849?
False
Is 1144 a multiple of 13?
True
Does 38 divide 4104?
True
Does 314 divide 107841?
False
Does 30 divide 5850?
True
Is 84 a factor of 13138?
False
Is 3 a factor of 842?
False
Is 62046 a multiple of 81?
True
Does 111 divide 29143?
False
Is 15517 a multiple of 15?
False
Is 19 a factor of 2824?
False
Is 8855 a multiple of 77?
True
Does 17 divide 1038?
False
Does 74 divide 37000?
True
Does 3 divide 132?
True
Does 31 divide 25699?
True
Does 59 divide 132101?
True
Is 14664 a multiple of 47?
True
Is 109 a factor of 4926?
False
Is 81730 a multiple of 22?
True
Is 3552 a multiple of 6?
True
Does 45 divide 393?
False
Is 47 a factor of 956?
False
Is 43 a factor of 4386?
True
Does 34 divide 85643?
False
Is 554 a factor of 33240?
True
Does 36 divide 21996?
True
Does 113 divide 5763?
True
Does 34 divide 68?
True
Does 264 divide 8712?
True
Is 3 a factor of 465?
True
Is 18 a factor of 883?
False
Is 21 a factor of 1680?
True
Is 66 a factor of 45547?
False
Is 3914 a multiple of 5?
False
Is 330 a multiple of 33?
True
Does 94 divide 11020?
False
Is 6176 a multiple of 142?
False
Is 42 a factor of 1000?
False
Does 129 divide 2468?
False
Is 87396 a multiple of 154?
False
Is 40932 a multiple of 46?
False
Does 22 divide 264?
True
Is 43911 a multiple of 287?
True
Is 31 a factor of 4663?
False
Is 594 a multiple of 66?
True
Is 36003 a multiple of 33?
True
Does 15 divide 950?
False
Does 16 divide 720?
True
Is 5 a factor of 125?
True
Is 9308 a multiple of 4?
True
Is 36946 a multiple of 13?
True
Is 121 a factor of 2178?
True
Is 966 a multiple of 11?
False
Does 288 divide 11953?
False
Is 23 a factor of 14329?
True
Is 14 a factor of 1422?
False
Does 31 divide 3828?
False
Is 7762 a multiple of 11?
False
Does 8 divide 240?
True
Is 183 a multiple of 61?
True
Does 62 divide 3844?
True
Does 4 divide 199?
False
Is 2560 a multiple of 5?
True
Does 4 divide 1044?
True
Does 7 divide 910?
True
Is 2967 a multiple of 129?
True
Is 3047 a multiple of 11?
True
Is 8 a factor of 8224?
True
Is 130 a multiple of 10?
True
Is 103 a factor of 3399?
True
Is 123 a multiple of 3?
True
Is 1831 even?
False
Does 128 divide 31360?
True
Does 47 divide 1622?
False
Does 4 divide 204?
True
Is 2771 a multiple of 2?
False
Does 9 divide 1053?
True
Is 33 a multiple of 33?
True
Is 10781 a multiple of 2?
False
Is 2621 a multiple of 18?
False
Is 2781 a multiple of 103?
True
Is 7 a factor of 14?
True
Does 36 divide 911?
False
Is 18117 a multiple of 33?
True
Does 21 divide 7308?
True
Is 5 a factor of 615?
True
Is 13792 a multiple of 10?
False
Does 16 divide 6832?
True
Is 24 a factor of 7779?
False
Is 153 a factor of 43911?
True
Does 7 divide 3962?
True
Does 14 divide 1299?
False
Is 74 a factor of 3424?
False
Is 19 a factor of 82658?
False
Is 68 a factor of 1149?
False
Is 10758 a multiple of 33?
True
Is 1458 a multiple of 3?
True
Does 326 divide 125184?
True
Is 56 a factor of 35224?
True
Is 9593 a multiple of 98?
False
Does 6 divide 7602?
True
Does 16 divide 5088?
True
Is 16693 a multiple of 26?
False
Does 86 divide 1773?
False
Is 1196 a multiple of 13?
True
Is 3294 a multiple of 18?
True
Does 94 divide 2790?
False
Is 1578 even?
True
Is 353 a multiple of 5?
False
Does 59 divide 43188?
True
Is 24108 a multiple of 82?
True
Is 95 a factor of 22577?
False
Does 26 divide 17238?
True
Is 27 a factor of 621?
True
Is 5622 a multiple of 28?
False
Is 986 even?
True
Does 24 divide 1699?
False
Is 16755 a multiple of 15?
True
Is 11 a factor of 517?
True
Is 1224 a multiple of 3?
True
Is 224 a multiple of 4?
True
Is 57 a factor of 22344?
True
Does 9 divide 396?
True
Is 49 a factor of 16954?
True
Is 261 a multiple of 6?
False
Does 11 divide 2915?
True
Does 56 divide 1400?
True
Does 42 divide 1999?
False
Does 67 divide 8065?
False
Does 39 divide 1708?
False
Is 11704 a multiple of 88?
True
Is 26283 a multiple of 85?
False
Is 751 a multiple of 15?
False
Does 61 divide 23241?
True
Is 19500 a multiple of 78?
True
Does 28 divide 20496?
True
Does 18 divide 864?
True
Is 412 a multiple of 3?
False
Is 1056 a multiple of 24?
True
Is 1950 a multiple of 4?
False
Is 44 a multiple of 44?
True
Is 93 a factor of 21018?
True
Does 5 divide 83?
False
Does 375 divide 31911?
False
Is 17 a factor of 7698?
False
Does 14 divide 7630?
True
Is 50 a factor of 6050?
True
Is 2919 a multiple of 21?
True
Is 41 a factor of 779?
True
Is 17714 a multiple of 152?
False
Is 635 a multiple of 25?
False
Does 29 divide 75?
False
Is 540 a multiple of 71?
False
Is 53744 a multiple of 4?
True
Does 14 divide 14?
True
Is 792 a multiple of 22?
True
Does 19 divide 720?
False
Does 66 divide 6456?
False
Is 47 a factor of 8580?
False
Is 4905 a multiple of 20?
False
Does 86 divide 41738?
False
Does 17 divide 1069?
False
Is 13 a factor of 27560?
True
Is 5976 a multiple of 134?
False
Is 103368 a multiple of 438?
True
Is 54723 a multiple of 17?
True
Does 36 divide 1072?
False
Does 9 divide 991?
False
Does 45 divide 10305?
True
Is 38080 a multiple of 14?
True
Does 6 divide 213?
False
Is 20966 a multiple of 8?
False
Is 16 a factor of 4262?
False
Is 1345 a multiple of 2?
False
Is 5707 a multiple of 5?
False
Does 45 divide 10125?
True
Is 291 a multiple of 97?
True
Is 25 a factor of 1675?
True
Does 18 divide 35262?
True
Is 160 a multiple of 38?
False
Is 14 a factor of 1218?
True
Does 45 divide 3870?
True
Is 23 a factor of 37695?
False
Is 3848 a multiple of 26?
True
Is 18 a factor of 7722?
True
Does 15 divide 883?
False
Is 500 a multiple of 2?
True
Is 496 a multiple of 16?
True
Is 921 a multiple of 16?
False
Is 53 a multiple of 3?
False
Does 50 divide 25333?
False
Does 74 divide 1153?
False
Is 1107 a multiple of 9?
True
Is 77910 a multiple of 10?
True
Does 66 divide 2244?
True
Does 18 divide 20579?
False
Is 108 a factor of 31268?
False
Is 74 a factor of 3626?
True
Does 144 divide 34836?
False
Does 26 divide 14559?
False
Does 50 divide 742?
False
Is 1905 a multiple of 12?
False
Is 2650 a multiple of 53?
True
Is 34 a factor of 1360?
True
Does 11 divide 21435?
False
Is 612 a multiple of 34?
True
Does 96 divide 22848?
True
Does 78 divide 322?
False
Is 16 a factor of 17304?
False
Is 135 a multiple of 31?
False
Is 9 a factor of 4849?
False
Is 10 a factor of 420?
True
Is 252 even?
True
Is 4641 a multiple of 119?
True
Is 77 a factor of 23639?
True
Is 47 a factor of 878?
False
Does 12 divide 5160?
True
Is 28 a factor of 15401?
False
Does 11 divide 176?
True
Does 3 divide 30?
True
Does 20 divide 1253?
False
Is 3294 a multiple of 9?
True
Is 224 a multiple of 14?
True
Does 71 divide 5770?
False
Does 177 divide 60856?
False
Is 1056 a multiple of 22?
True
Does 39 divide 5400?
False
Does 15 divide 353?
False
Is 290 a multiple of 24?
False
Is 34030 a multiple of 83?
True
Does 14 divide 6720?
True
Does 6 divide 603?
False
Is 71 a factor of 54457?
True
Does 31 divide 2635?
True
Is 57 a factor of 1599?
False
Is 510 a multiple of 6?
True
Is 3780 a multiple of 140?
True
Does 25 divide 464?
False
Does 5 divide 995?
True
Does 14 divide 5600?
True
Is 55 a multiple of 11?
True
Does 47 divide 1349?
False
Does 8 divide 2568?
True
Does 9 divide 819?
True
Does 81 divide 1863?
True
Is 8 a factor of 4088?
True
Is 680 a multiple of 17?
True
Is 86 a factor of 2150?
True
Is 377 a multiple of 20?
False
Is 11 a factor of 10494?
True
Does 21 divide 1631?
False
Does 18 divide 387?
False
Does 21 divide 71?
False
Is 1050 a multiple of 30?
True
Is 10 a factor of 26245?
False
Is 57 a mu